 Calculate r(4).
6
Let t(j) = 64 - 30 + 6*j + 39*j**2 + 35*j**2 - 75*j**2. What is t(12)?
-38
Let h(y) = -3*y - 11. Let c(f) = -f**2 + f + 8. Let v be c(0). Suppose 5*d - m = -22, -6*m - v = 3*d - 4*m. Calculate h(d).
1
Let n(m) = -546*m + 6 - 30*m**2 + 31*m**2 - 2 + 536*m. Give n(9).
-5
Let o(q) = -5*q**3 - 16*q**2 + 4*q + 1. Let r(u) = u**3 + 3*u**2 - u. Let n(s) = 2*o(s) + 11*r(s). Let x = 32 - 27. Let l be (-3 - 2 - -11)*x/(-10). Give n(l).
-7
Let k(s) = -3*s - 2. Suppose 12 = 3*r + m, m - 3 = -0. Suppose r*a = 3*p - 0*a - 45, -2*a - 15 = -p. Suppose 3*j + 2*j + p = 0. Determine k(j).
7
Let j(v) be the first derivative of v**3/3 + v**2 + 4*v - 1. Let g(c) = -c**2 + 11*c + 8. Let q be g(11). Let x be ((-52)/q)/13*(7 + -1). What is j(x)?
7
Suppose 0 = -93*q - 485 - 166. Let j(v) = v**2 + 3*v - 19. Determine j(q).
9
Suppose -3*j - 2*j + 280 = 0. Let f = -53 + j. Suppose b + z = -f*b - 26, 4 = -2*z. Let h(q) = q**2 + 5*q + 6. Give h(b).
12
Let v(d) = 34*d - 15. Let a(r) = 8*r + 1. Let y(f) = -4*a(f) + v(f). Let m = -3 + 17. Calculate y(m).
9
Suppose 2*r - 2*h = 0, -5*r = -21*h + 22*h. Suppose -y - 5*n - 20 + 5 = r, n + 14 = 2*y. Let x(p) = p**3 - 6*p**2 + 6*p + 6. What is x(y)?
11
Let l(c) = 9*c + 50. Let f(v) = 2*v + 12. Let p(q) = 13*f(q) - 3*l(q). Let j be 6 + 1 + -3 + 0. What is p(j)?
2
Let g(y) = -y**3 + y. Let h(a) = 3*a**3 + 7*a**2 - 9*a + 6. Let z(d) = -4*g(d) - h(d). Let l be ((-168)/48)/((-1)/2). Give z(l).
29
Let x(l) be the first derivative of -l**4/24 + 2*l**3 - 66*l**2 + 14. Let d(q) be the second derivative of x(q). Calculate d(6).
6
Let z(j) = 0*j - j**2 + 0*j - 2*j + 3*j. Let r(n) = 8*n + 129. Suppose 106*w + 18 = -c + 104*w, 0 = 3*w + 3. Let s be r(c). Calculate z(s).
0
Let s(l) = 5*l**3 - 70*l**2 - 21*l + 35. Let z(u) = u**3 + u**2 - u + 17. Let n(a) = s(a) - z(a). Calculate n(18).
-18
Let a be ((-4)/(-6))/(8/12). Let m be (3 - 1)/(-1*a). Let k(i) = 16*i**2 + 3 + 2 + 2*i + 0 - 13*i**2 - 3. What is k(m)?
10
Let n(f) = 2*f + 46. Suppose 119247*z - 243 = 119256*z. Give n(z).
-8
Let r(b) = -2*b**2 + 6*b + 3. Let h(l) = -3*l**2 + 7*l + 4. Let n = 105 - -13. Let p = -114 + n. Let q(v) = p*h(v) - 5*r(v). What is q(1)?
-3
Suppose -41 = -5*v - 4*f, 3*v + 6*f - 11*f + 5 = 0. Let w(g) = 8*g - 18. Give w(v).
22
Let u(f) = -f**3 + 2*f**2 - f. Let o(k) = -3*k**3 + 21*k**2 + 15*k + 1. Let b(s) = o(s) - 2*u(s). Calculate b(18).
-17
Let h(m) = -11*m**2 - 1 + 73*m**3 + 32*m**3 + 12*m - 106*m**3. Give h(-12).
-1
Let w(u) = 7*u + 42. Let v be w(-4). Let z(k) = k**3 - 14*k**2 + 7*k - 101. Let g be z(v). Let p(y) = 11*y - 2. Determine p(g).
-35
Let z(v) = 80 - 233 + 50*v - 95627*v**2 + 95628*v**2. What is z(-53)?
6
Let k be -2 + (-13)/(-4) + (-385)/(-140). Let g be (-9)/1*(-40)/15. Suppose -t = -5*x + t + 58, k*t - g = -4*x. Let p(i) = i**2 - 10*i + 1. Calculate p(x).
1
Let h(a) be the second derivative of -5*a**3/6 + a**2/2 + 4*a. Let o be h(-1). Let s(y) = -5*y**2 + 9*y - 2 - 16*y - y**3 + o*y. Give s(-5).
3
Let h(p) = -p**3 + p**2 + 5*p - 3. Let g be -32*3/(-12) - 5/1. Determine h(g).
-6
Let i = 697 + -1186. Let k = i - -493. Let h(l) be the third derivative of l**5/30 - l**4/6 - 2*l**3/3 - 2*l**2. Give h(k).
12
Let b(m) be the third derivative of m**4/12 - m**3/2 + 7085*m**2. Give b(-14).
-31
Suppose 15*y + 120 = 11*y. Let b be 18*(y/(-9) + 0 + -3). Let r be 0 + (-7)/((-21)/b). Let w(f) = -2*f - 2. Give w(r).
-6
Let m(y) = 77. Let r(w) = -46*w - 352. Let u(q) = 3*m(q) + r(q). Calculate u(-3).
17
Let g(v) be the second derivative of -v**5/20 + 2*v**4/3 + 6*v**3 - 35*v**2/2 - 2445*v. Determine g(11).
-2
Let t(p) = 12*p + 11. Suppose -20 = 2*h + 4*n, -42*n = 3*h - 40*n + 14. Give t(h).
-13
Let s(x) = x**3 - 2*x**2 - 10. Let m = -11043 + 11046. Calculate s(m).
-1
Let h(v) = 485*v**2 + 24*v + 52*v**3 - 239*v**2 + 49*v**3 - 195*v**2 - 99*v**3. Calculate h(-25).
25
Let r(d) = -d**2 + 21*d - 42. Let t(b) = -b**3 - b**2 + 96*b - 36. Let h be t(9). Calculate r(h).
12
Let g be (-8)/(-16)*-2 - (-44)/(-4). Let o(q) = q + q - 34 - 5*q. Let t be o(g). Let c(s) = 5*s**2 + 3*s - 3. Calculate c(t).
23
Let l(p) be the first derivative of -p**3/3 - 8*p**2 - 17*p - 36666. Let d = 0 + -15. Give l(d).
-2
Let v(h) be the third derivative of 0*h + 2/15*h**5 + 1/120*h**6 + 1/4*h**4 + 0 - h**3 + 12*h**2. Let w = -35 - -28. What is v(w)?
1
Let c(h) = 74*h + 1342. Let q be c(-18). Let x(i) = -i**3 + 9*i**2 + 14*i - 45. Calculate x(q).
-5
Let l(s) be the first derivative of 1/3*s**3 + 155 - 4*s**2 + 9*s. Calculate l(6).
-3
Let q(z) = z - 44. Let y = 3566 - 3553. Determine q(y).
-31
Let d(w) = 13*w**3 - 30*w + 21. Let j(z) = 7*z**3 + z**2 - 14*z + 11. Let i(b) = -6*d(b) + 11*j(b). What is i(13)?
-5
Let s(c) = 26*c**3 - c**2 + 1. Suppose -20*l + 46 = 26*l. Calculate s(l).
26
Let f(t) = t**3 + 15*t**2 - 4*t + 16. Let l(y) = -3*y**3 - 34*y**2 + 6*y - 33. Let u(m) = 5*f(m) + 2*l(m). Determine u(6).
2
Suppose 4 = -2*c + 3*a + 5, 0 = 4*c + 5*a - 13. Let q be c*1 - (-8 - -6) - 139. Let d = q - -135. Let r(x) = -x**3 - x**2 + 16. Give r(d).
16
Let v(b) = 29*b**3 + 8*b**2 + 25*b - 19. Let p(q) = 4*q**3 - q**2. Let u(t) = -7*p(t) + v(t). What is u(-13)?
-6
Let d(z) = z**3 + 16*z**2 - 34*z + 20. Let y = 1881 + -1899. What is d(y)?
-16
Let o(u) = -u + 4. Let y(x) = -3*x - 10. Let l be y(-5). Suppose -2*v = -5 - 7. Suppose l*q + 6 = v*q. Calculate o(q).
-2
Let m(b) = 12 + 1 + 3*b - 13. Let f be 1/((-40)/16)*(5 - -10). Determine m(f).
-18
Let j(x) be the first derivative of x**3/3 + 11*x**2 + 24*x + 1407. Calculate j(-21).
3
Suppose -2*v = -u + 4*u + 6, -u = 3*v + 9. Suppose -2*t + 4*w = -u*w - 10, -t + 8 = w. Let x(p) = p - 187*p**3 + 188*p**3 - 8 - 7*p**2 + p. Calculate x(t).
6
Let u(m) = 11*m - 12. Let n(c) = 4*c - 3. Let x(a) = 5*n(a) - 2*u(a). What is x(12)?
-15
Let w = -1 - -3. Let u(a) be the third derivative of a**7/840 - a**5/60 - a**4/24 - 101*a**3/3 - a**2 + 55. Let l(j) be the first derivative of u(j). Give l(w).
3
Let f(u) be the third derivative of 1/20*u**5 + 0*u + 0*u**4 - 1/120*u**6 - 1/3*u**3 + 75*u**2 + 0. Determine f(2).
2
Let h(f) = -48 + 74 + 1 - 89 - 54 + 9*f. Give h(17).
37
Let j(v) = -2*v**2 + 23*v - 63. Let m be j(6). Let l(c) = 19*c - 17. Let d(b) = -9*b + 8. Let q(o) = 13*d(o) + 6*l(o). Determine q(m).
-7
Let y(h) = 5*h - 1. Let l(a) = a. Let u(n) = 4*l(n) - y(n). Let s(m) be the second derivative of -31*m**3/6 + 50*m**2 - 92*m. Let t be s(3). Calculate u(t).
-6
Let w = -6 - -12. Suppose 0 = 5*u - 5*b - 60, 14*u - 39 = 11*u + 2*b. Let z(n) = 15 + n + 0*n - u. What is z(w)?
6
Let a(d) = -2 + 9*d + 6 - 7*d + 61. Determine a(-21).
23
Let k(c) = c**3 - 94*c**2 - 17*c + 19. Let p(i) = -16*i**2 - 1. Let u(g) = k(g) - 5*p(g). Determine u(15).
-6
Let k(o) = -o**2 + 2*o - 14. Let u(g) = 8*g + 231. Let f be u(-28). Calculate k(f).
-49
Let s = 414793/24 + -17283. Let k(g) be the third derivative of 0*g + 1/60*g**5 - s*g**4 - 27*g**2 - 1/3*g**3 + 0. Calculate k(0).
-2
Let z(n) be the third derivative of -n**6/120 - 11*n**5/60 - n**4/3 + 7*n**3/2 + n**2 + 178. Suppose 125 = -4*y + 85. What is z(y)?
1
Let x(n) = -n**2 - 6*n + 8. Let i = -3304 - -3296. Give x(i).
-8
Let j = -3 - -7. Suppose -j*w + 0*w - 16 = 0. Let y(d) be the second derivative of d**5/20 + 5*d**4/12 + 2*d**3/3 + 2*d**2 + 89*d. Give y(w).
4
Suppose 2*p = -14 + 16. Suppose -p = -7*w + 20. Suppose -4*m + 8 = 0, 2*m + 3 = w*z - 2. Let v(t) = -t**2 + 3*t - 3. Give v(z).
-3
Let c(m) be the second derivative of -1/6*m**3 + 2*m**2 + 0 + 3/4*m**4 - 20*m. Let o(l) = -19*l**2 + 2*l - 9. Let p(t) = 9*c(t) + 4*o(t). Determine p(-1).
6
Let k(m) = -m**3 + 6*m**2 - 3*m - 1. Suppose 0 = b - 2, -3*b - 67 = -5*g + b. Let x = 155 + -155. Suppose x*u = 3*u - g. What is k(u)?
9
Let s(k) = 74 - 100*k - 64 - 44809*k**2 + 44816*k**2 + k**3. Calculate s(7).
-4
Let z(q) = q**3 - q**2. Suppose 6*r - 61 = -73. Let k be 6/4 - (-2)/(r - 2). Determine z(k).
0
Let z(r) = r**2 + 7*r + 1. Suppose 2*j = v + 15, 3*v + 5*j + 21 = 42. Give z(v).
-11
Let a(p) = -121 + 94*p - 72*p - 8*p. What is a(9)?
5
Let x(n) be the second derivative of n**3/6 - 7*n**2 + 12*n. Let t = -4248 + 4254. Determine x(t).
-8
Suppose 16*z + 1 = 4*z - 23. Let k(r) = 3*r + 4 + 10*r**2 - 4*r - 11*r**2. Determine k(z).
2
Suppose 2*y = 7 + 7. Let a(c) be the first deri